{"id":267,"date":"2020-05-07T14:13:30","date_gmt":"2020-05-07T14:13:30","guid":{"rendered":"https:\/\/galleri208.borgo.is\/2020\/\/?page_id=267"},"modified":"2020-05-11T10:53:05","modified_gmt":"2020-05-11T10:53:05","slug":"ingibjorg-osk-brynjarsdottir","status":"publish","type":"page","link":"https:\/\/galleri208.borgo.is\/2020\/ingibjorg-osk-brynjarsdottir\/","title":{"rendered":"Ingibj\u00f6rg \u00d3sk Brynjarsd\u00f3ttir"},"content":{"rendered":"\n<h5><strong>TechAttire<\/strong><br>Fatamerki, 2020.<br><br>Log\u00f3, augl\u00fdsing og mynstur fyrir f\u00f6t og sk\u00f3. Framlei\u00f0slan \u00e1 a\u00f0 vera vistv\u00e6n og vegan. Efnin eru \u00far endurunnu plasti, bambus og b\u00f3mull. Markh\u00f3purinn er ungt f\u00f3lk. Mynstri\u00f0 er t\u00e6knilegt eins og f\u00f6tin sj\u00e1lf sem eiga a\u00f0 hafa gott notagildi og vera \u00fe\u00e6gileg.<\/h5>\n\n\n\n<h5 class=\"has-very-light-gray-color has-text-color\">&#8230;..<\/h5>\n\n\n\n<div class=\"wp-block-image\"><figure class=\"aligncenter size-large is-resized\"><a href=\"https:\/\/galleri208.borgo.is\/2020\/\/wp-content\/uploads\/2020\/05\/TechAttire_1_Page_01-scaled.jpg\"><img loading=\"lazy\" src=\"https:\/\/galleri208.borgo.is\/2020\/\/wp-content\/uploads\/2020\/05\/TechAttire_1_Page_01-724x1024.jpg\" alt=\"\" class=\"wp-image-337\" width=\"381\" height=\"539\" srcset=\"https:\/\/galleri208.borgo.is\/2020\/wp-content\/uploads\/2020\/05\/TechAttire_1_Page_01-724x1024.jpg 724w, https:\/\/galleri208.borgo.is\/2020\/wp-content\/uploads\/2020\/05\/TechAttire_1_Page_01-212x300.jpg 212w, https:\/\/galleri208.borgo.is\/2020\/wp-content\/uploads\/2020\/05\/TechAttire_1_Page_01-768x1086.jpg 768w, https:\/\/galleri208.borgo.is\/2020\/wp-content\/uploads\/2020\/05\/TechAttire_1_Page_01-1086x1536.jpg 1086w, https:\/\/galleri208.borgo.is\/2020\/wp-content\/uploads\/2020\/05\/TechAttire_1_Page_01-1448x2048.jpg 1448w, https:\/\/galleri208.borgo.is\/2020\/wp-content\/uploads\/2020\/05\/TechAttire_1_Page_01-scaled.jpg 1811w\" sizes=\"(max-width: 381px) 100vw, 381px\" \/><\/a><\/figure><\/div>\n\n\n\n<div class=\"wp-block-image\"><figure class=\"aligncenter size-large is-resized\"><a href=\"https:\/\/galleri208.borgo.is\/2020\/\/wp-content\/uploads\/2020\/05\/TechAttire_1_Page_02-scaled.jpg\"><img loading=\"lazy\" src=\"https:\/\/galleri208.borgo.is\/2020\/\/wp-content\/uploads\/2020\/05\/TechAttire_1_Page_02-724x1024.jpg\" alt=\"\" class=\"wp-image-336\" width=\"378\" height=\"534\" srcset=\"https:\/\/galleri208.borgo.is\/2020\/wp-content\/uploads\/2020\/05\/TechAttire_1_Page_02-724x1024.jpg 724w, https:\/\/galleri208.borgo.is\/2020\/wp-content\/uploads\/2020\/05\/TechAttire_1_Page_02-212x300.jpg 212w, https:\/\/galleri208.borgo.is\/2020\/wp-content\/uploads\/2020\/05\/TechAttire_1_Page_02-768x1086.jpg 768w, https:\/\/galleri208.borgo.is\/2020\/wp-content\/uploads\/2020\/05\/TechAttire_1_Page_02-1086x1536.jpg 1086w, https:\/\/galleri208.borgo.is\/2020\/wp-content\/uploads\/2020\/05\/TechAttire_1_Page_02-1448x2048.jpg 1448w, https:\/\/galleri208.borgo.is\/2020\/wp-content\/uploads\/2020\/05\/TechAttire_1_Page_02-scaled.jpg 1811w\" sizes=\"(max-width: 378px) 100vw, 378px\" \/><\/a><\/figure><\/div>\n\n\n\n<p class=\"has-text-color has-very-light-gray-color\">..<\/p>\n\n\n\n<figure class=\"wp-block-gallery aligncenter columns-3 is-cropped\"><ul class=\"blocks-gallery-grid\"><li class=\"blocks-gallery-item\"><figure><a href=\"https:\/\/galleri208.borgo.is\/2020\/\/wp-content\/uploads\/2020\/05\/1TechAttire_1_Page_06.png\"><img loading=\"lazy\" width=\"212\" height=\"300\" src=\"https:\/\/galleri208.borgo.is\/2020\/\/wp-content\/uploads\/2020\/05\/1TechAttire_1_Page_06-212x300.png\" alt=\"\" data-id=\"357\" data-full-url=\"https:\/\/galleri208.borgo.is\/2020\/\/wp-content\/uploads\/2020\/05\/1TechAttire_1_Page_06.png\" data-link=\"https:\/\/galleri208.borgo.is\/2020\/\/ingibjorg-osk-brynjarsdottir\/1techattire_1_page_06\/\" class=\"wp-image-357\" srcset=\"https:\/\/galleri208.borgo.is\/2020\/wp-content\/uploads\/2020\/05\/1TechAttire_1_Page_06-212x300.png 212w, https:\/\/galleri208.borgo.is\/2020\/wp-content\/uploads\/2020\/05\/1TechAttire_1_Page_06.png 707w\" sizes=\"(max-width: 212px) 100vw, 212px\" \/><\/a><\/figure><\/li><li class=\"blocks-gallery-item\"><figure><a href=\"https:\/\/galleri208.borgo.is\/2020\/\/wp-content\/uploads\/2020\/05\/2TechAttire_1_Page_05.png\"><img loading=\"lazy\" width=\"212\" height=\"300\" src=\"https:\/\/galleri208.borgo.is\/2020\/\/wp-content\/uploads\/2020\/05\/2TechAttire_1_Page_05-212x300.png\" alt=\"\" data-id=\"358\" data-full-url=\"https:\/\/galleri208.borgo.is\/2020\/\/wp-content\/uploads\/2020\/05\/2TechAttire_1_Page_05.png\" data-link=\"https:\/\/galleri208.borgo.is\/2020\/\/ingibjorg-osk-brynjarsdottir\/2techattire_1_page_05\/\" class=\"wp-image-358\" srcset=\"https:\/\/galleri208.borgo.is\/2020\/wp-content\/uploads\/2020\/05\/2TechAttire_1_Page_05-212x300.png 212w, https:\/\/galleri208.borgo.is\/2020\/wp-content\/uploads\/2020\/05\/2TechAttire_1_Page_05.png 707w\" sizes=\"(max-width: 212px) 100vw, 212px\" \/><\/a><\/figure><\/li><li class=\"blocks-gallery-item\"><figure><a href=\"https:\/\/galleri208.borgo.is\/2020\/\/wp-content\/uploads\/2020\/05\/3TechAttire_1_Page_04.png\"><img loading=\"lazy\" width=\"212\" height=\"300\" src=\"https:\/\/galleri208.borgo.is\/2020\/\/wp-content\/uploads\/2020\/05\/3TechAttire_1_Page_04-212x300.png\" alt=\"\" data-id=\"359\" data-full-url=\"https:\/\/galleri208.borgo.is\/2020\/\/wp-content\/uploads\/2020\/05\/3TechAttire_1_Page_04.png\" data-link=\"https:\/\/galleri208.borgo.is\/2020\/\/ingibjorg-osk-brynjarsdottir\/3techattire_1_page_04\/\" class=\"wp-image-359\" srcset=\"https:\/\/galleri208.borgo.is\/2020\/wp-content\/uploads\/2020\/05\/3TechAttire_1_Page_04-212x300.png 212w, https:\/\/galleri208.borgo.is\/2020\/wp-content\/uploads\/2020\/05\/3TechAttire_1_Page_04.png 707w\" sizes=\"(max-width: 212px) 100vw, 212px\" \/><\/a><\/figure><\/li><li class=\"blocks-gallery-item\"><figure><a href=\"https:\/\/galleri208.borgo.is\/2020\/\/wp-content\/uploads\/2020\/05\/4TechAttire_1_Page_03.png\"><img loading=\"lazy\" width=\"212\" height=\"300\" src=\"https:\/\/galleri208.borgo.is\/2020\/\/wp-content\/uploads\/2020\/05\/4TechAttire_1_Page_03-212x300.png\" alt=\"\" data-id=\"360\" data-full-url=\"https:\/\/galleri208.borgo.is\/2020\/\/wp-content\/uploads\/2020\/05\/4TechAttire_1_Page_03.png\" data-link=\"https:\/\/galleri208.borgo.is\/2020\/\/ingibjorg-osk-brynjarsdottir\/4techattire_1_page_03\/\" class=\"wp-image-360\" srcset=\"https:\/\/galleri208.borgo.is\/2020\/wp-content\/uploads\/2020\/05\/4TechAttire_1_Page_03-212x300.png 212w, https:\/\/galleri208.borgo.is\/2020\/wp-content\/uploads\/2020\/05\/4TechAttire_1_Page_03.png 707w\" sizes=\"(max-width: 212px) 100vw, 212px\" \/><\/a><\/figure><\/li><li class=\"blocks-gallery-item\"><figure><a href=\"https:\/\/galleri208.borgo.is\/2020\/\/wp-content\/uploads\/2020\/05\/TechAttire_1_Page_16.png\"><img loading=\"lazy\" width=\"212\" height=\"300\" src=\"https:\/\/galleri208.borgo.is\/2020\/\/wp-content\/uploads\/2020\/05\/TechAttire_1_Page_16-212x300.png\" alt=\"\" data-id=\"371\" data-full-url=\"https:\/\/galleri208.borgo.is\/2020\/\/wp-content\/uploads\/2020\/05\/TechAttire_1_Page_16.png\" data-link=\"https:\/\/galleri208.borgo.is\/2020\/\/ingibjorg-osk-brynjarsdottir\/techattire_1_page_16-2\/\" class=\"wp-image-371\" srcset=\"https:\/\/galleri208.borgo.is\/2020\/wp-content\/uploads\/2020\/05\/TechAttire_1_Page_16-212x300.png 212w, https:\/\/galleri208.borgo.is\/2020\/wp-content\/uploads\/2020\/05\/TechAttire_1_Page_16.png 707w\" sizes=\"(max-width: 212px) 100vw, 212px\" \/><\/a><\/figure><\/li><li class=\"blocks-gallery-item\"><figure><a href=\"https:\/\/galleri208.borgo.is\/2020\/\/wp-content\/uploads\/2020\/05\/TechAttire_1_Page_07.png\"><img loading=\"lazy\" width=\"212\" height=\"300\" src=\"https:\/\/galleri208.borgo.is\/2020\/\/wp-content\/uploads\/2020\/05\/TechAttire_1_Page_07-212x300.png\" alt=\"\" data-id=\"361\" data-full-url=\"https:\/\/galleri208.borgo.is\/2020\/\/wp-content\/uploads\/2020\/05\/TechAttire_1_Page_07.png\" data-link=\"https:\/\/galleri208.borgo.is\/2020\/\/ingibjorg-osk-brynjarsdottir\/techattire_1_page_07-2\/\" class=\"wp-image-361\" srcset=\"https:\/\/galleri208.borgo.is\/2020\/wp-content\/uploads\/2020\/05\/TechAttire_1_Page_07-212x300.png 212w, https:\/\/galleri208.borgo.is\/2020\/wp-content\/uploads\/2020\/05\/TechAttire_1_Page_07.png 707w\" sizes=\"(max-width: 212px) 100vw, 212px\" \/><\/a><\/figure><\/li><li class=\"blocks-gallery-item\"><figure><a href=\"https:\/\/galleri208.borgo.is\/2020\/\/wp-content\/uploads\/2020\/05\/TechAttire_1_Page_09.png\"><img loading=\"lazy\" width=\"212\" height=\"300\" src=\"https:\/\/galleri208.borgo.is\/2020\/\/wp-content\/uploads\/2020\/05\/TechAttire_1_Page_09-212x300.png\" alt=\"\" data-id=\"363\" data-full-url=\"https:\/\/galleri208.borgo.is\/2020\/\/wp-content\/uploads\/2020\/05\/TechAttire_1_Page_09.png\" data-link=\"https:\/\/galleri208.borgo.is\/2020\/\/ingibjorg-osk-brynjarsdottir\/techattire_1_page_09-2\/\" class=\"wp-image-363\" srcset=\"https:\/\/galleri208.borgo.is\/2020\/wp-content\/uploads\/2020\/05\/TechAttire_1_Page_09-212x300.png 212w, https:\/\/galleri208.borgo.is\/2020\/wp-content\/uploads\/2020\/05\/TechAttire_1_Page_09.png 707w\" sizes=\"(max-width: 212px) 100vw, 212px\" \/><\/a><\/figure><\/li><li class=\"blocks-gallery-item\"><figure><a href=\"https:\/\/galleri208.borgo.is\/2020\/\/wp-content\/uploads\/2020\/05\/TechAttire_1_Page_08.png\"><img loading=\"lazy\" width=\"212\" height=\"300\" src=\"https:\/\/galleri208.borgo.is\/2020\/\/wp-content\/uploads\/2020\/05\/TechAttire_1_Page_08-212x300.png\" alt=\"\" data-id=\"362\" data-full-url=\"https:\/\/galleri208.borgo.is\/2020\/\/wp-content\/uploads\/2020\/05\/TechAttire_1_Page_08.png\" data-link=\"https:\/\/galleri208.borgo.is\/2020\/\/ingibjorg-osk-brynjarsdottir\/techattire_1_page_08-2\/\" class=\"wp-image-362\" srcset=\"https:\/\/galleri208.borgo.is\/2020\/wp-content\/uploads\/2020\/05\/TechAttire_1_Page_08-212x300.png 212w, https:\/\/galleri208.borgo.is\/2020\/wp-content\/uploads\/2020\/05\/TechAttire_1_Page_08.png 707w\" sizes=\"(max-width: 212px) 100vw, 212px\" \/><\/a><\/figure><\/li><li class=\"blocks-gallery-item\"><figure><a href=\"https:\/\/galleri208.borgo.is\/2020\/\/wp-content\/uploads\/2020\/05\/TechAttire_1_Page_11.png\"><img loading=\"lazy\" width=\"212\" height=\"300\" src=\"https:\/\/galleri208.borgo.is\/2020\/\/wp-content\/uploads\/2020\/05\/TechAttire_1_Page_11-212x300.png\" alt=\"\" data-id=\"365\" data-full-url=\"https:\/\/galleri208.borgo.is\/2020\/\/wp-content\/uploads\/2020\/05\/TechAttire_1_Page_11.png\" data-link=\"https:\/\/galleri208.borgo.is\/2020\/\/ingibjorg-osk-brynjarsdottir\/techattire_1_page_11-2\/\" class=\"wp-image-365\" srcset=\"https:\/\/galleri208.borgo.is\/2020\/wp-content\/uploads\/2020\/05\/TechAttire_1_Page_11-212x300.png 212w, https:\/\/galleri208.borgo.is\/2020\/wp-content\/uploads\/2020\/05\/TechAttire_1_Page_11.png 707w\" sizes=\"(max-width: 212px) 100vw, 212px\" \/><\/a><\/figure><\/li><li class=\"blocks-gallery-item\"><figure><a href=\"https:\/\/galleri208.borgo.is\/2020\/\/wp-content\/uploads\/2020\/05\/TechAttire_1_Page_12.png\"><img loading=\"lazy\" width=\"212\" height=\"300\" src=\"https:\/\/galleri208.borgo.is\/2020\/\/wp-content\/uploads\/2020\/05\/TechAttire_1_Page_12-212x300.png\" alt=\"\" data-id=\"366\" data-full-url=\"https:\/\/galleri208.borgo.is\/2020\/\/wp-content\/uploads\/2020\/05\/TechAttire_1_Page_12.png\" data-link=\"https:\/\/galleri208.borgo.is\/2020\/\/ingibjorg-osk-brynjarsdottir\/techattire_1_page_12-2\/\" class=\"wp-image-366\" srcset=\"https:\/\/galleri208.borgo.is\/2020\/wp-content\/uploads\/2020\/05\/TechAttire_1_Page_12-212x300.png 212w, https:\/\/galleri208.borgo.is\/2020\/wp-content\/uploads\/2020\/05\/TechAttire_1_Page_12.png 707w\" sizes=\"(max-width: 212px) 100vw, 212px\" \/><\/a><\/figure><\/li><li class=\"blocks-gallery-item\"><figure><a href=\"https:\/\/galleri208.borgo.is\/2020\/\/wp-content\/uploads\/2020\/05\/TechAttire_1_Page_10.png\"><img loading=\"lazy\" width=\"212\" height=\"300\" src=\"https:\/\/galleri208.borgo.is\/2020\/\/wp-content\/uploads\/2020\/05\/TechAttire_1_Page_10-212x300.png\" alt=\"\" data-id=\"364\" data-full-url=\"https:\/\/galleri208.borgo.is\/2020\/\/wp-content\/uploads\/2020\/05\/TechAttire_1_Page_10.png\" data-link=\"https:\/\/galleri208.borgo.is\/2020\/\/ingibjorg-osk-brynjarsdottir\/techattire_1_page_10-2\/\" class=\"wp-image-364\" srcset=\"https:\/\/galleri208.borgo.is\/2020\/wp-content\/uploads\/2020\/05\/TechAttire_1_Page_10-212x300.png 212w, https:\/\/galleri208.borgo.is\/2020\/wp-content\/uploads\/2020\/05\/TechAttire_1_Page_10.png 707w\" sizes=\"(max-width: 212px) 100vw, 212px\" \/><\/a><\/figure><\/li><li class=\"blocks-gallery-item\"><figure><a href=\"https:\/\/galleri208.borgo.is\/2020\/\/wp-content\/uploads\/2020\/05\/TechAttire_1_Page_13.png\"><img loading=\"lazy\" width=\"212\" height=\"300\" src=\"https:\/\/galleri208.borgo.is\/2020\/\/wp-content\/uploads\/2020\/05\/TechAttire_1_Page_13-212x300.png\" alt=\"\" data-id=\"367\" data-full-url=\"https:\/\/galleri208.borgo.is\/2020\/\/wp-content\/uploads\/2020\/05\/TechAttire_1_Page_13.png\" data-link=\"https:\/\/galleri208.borgo.is\/2020\/\/ingibjorg-osk-brynjarsdottir\/techattire_1_page_13-2\/\" class=\"wp-image-367\" srcset=\"https:\/\/galleri208.borgo.is\/2020\/wp-content\/uploads\/2020\/05\/TechAttire_1_Page_13-212x300.png 212w, https:\/\/galleri208.borgo.is\/2020\/wp-content\/uploads\/2020\/05\/TechAttire_1_Page_13.png 707w\" sizes=\"(max-width: 212px) 100vw, 212px\" \/><\/a><\/figure><\/li><li class=\"blocks-gallery-item\"><figure><a href=\"https:\/\/galleri208.borgo.is\/2020\/\/wp-content\/uploads\/2020\/05\/TechAttire_1_Page_14.png\"><img loading=\"lazy\" width=\"212\" height=\"300\" src=\"https:\/\/galleri208.borgo.is\/2020\/\/wp-content\/uploads\/2020\/05\/TechAttire_1_Page_14-212x300.png\" alt=\"\" data-id=\"368\" data-full-url=\"https:\/\/galleri208.borgo.is\/2020\/\/wp-content\/uploads\/2020\/05\/TechAttire_1_Page_14.png\" data-link=\"https:\/\/galleri208.borgo.is\/2020\/\/ingibjorg-osk-brynjarsdottir\/techattire_1_page_14-2\/\" class=\"wp-image-368\" srcset=\"https:\/\/galleri208.borgo.is\/2020\/wp-content\/uploads\/2020\/05\/TechAttire_1_Page_14-212x300.png 212w, https:\/\/galleri208.borgo.is\/2020\/wp-content\/uploads\/2020\/05\/TechAttire_1_Page_14.png 707w\" sizes=\"(max-width: 212px) 100vw, 212px\" \/><\/a><\/figure><\/li><li class=\"blocks-gallery-item\"><figure><a href=\"https:\/\/galleri208.borgo.is\/2020\/\/wp-content\/uploads\/2020\/05\/TechAttire_1_Page_15.png\"><img loading=\"lazy\" width=\"212\" height=\"300\" src=\"https:\/\/galleri208.borgo.is\/2020\/\/wp-content\/uploads\/2020\/05\/TechAttire_1_Page_15-212x300.png\" alt=\"\" data-id=\"370\" data-full-url=\"https:\/\/galleri208.borgo.is\/2020\/\/wp-content\/uploads\/2020\/05\/TechAttire_1_Page_15.png\" data-link=\"https:\/\/galleri208.borgo.is\/2020\/\/ingibjorg-osk-brynjarsdottir\/techattire_1_page_15-2\/\" class=\"wp-image-370\" srcset=\"https:\/\/galleri208.borgo.is\/2020\/wp-content\/uploads\/2020\/05\/TechAttire_1_Page_15-212x300.png 212w, https:\/\/galleri208.borgo.is\/2020\/wp-content\/uploads\/2020\/05\/TechAttire_1_Page_15.png 707w\" sizes=\"(max-width: 212px) 100vw, 212px\" \/><\/a><\/figure><\/li><\/ul><\/figure>\n\n\n\n<figure class=\"wp-block-image size-large\"><img loading=\"lazy\" width=\"998\" height=\"1000\" src=\"https:\/\/galleri208.borgo.is\/2020\/\/wp-content\/uploads\/2020\/05\/h1.jpg\" alt=\"\" class=\"wp-image-797\" srcset=\"https:\/\/galleri208.borgo.is\/2020\/wp-content\/uploads\/2020\/05\/h1.jpg 998w, https:\/\/galleri208.borgo.is\/2020\/wp-content\/uploads\/2020\/05\/h1-300x300.jpg 300w, https:\/\/galleri208.borgo.is\/2020\/wp-content\/uploads\/2020\/05\/h1-150x150.jpg 150w, https:\/\/galleri208.borgo.is\/2020\/wp-content\/uploads\/2020\/05\/h1-768x770.jpg 768w\" sizes=\"(max-width: 998px) 100vw, 998px\" \/><\/figure>\n\n\n\n<figure class=\"wp-block-image size-large\"><img loading=\"lazy\" width=\"1024\" height=\"724\" src=\"https:\/\/galleri208.borgo.is\/2020\/\/wp-content\/uploads\/2020\/05\/h2-1024x724.jpg\" alt=\"\" class=\"wp-image-799\" srcset=\"https:\/\/galleri208.borgo.is\/2020\/wp-content\/uploads\/2020\/05\/h2-1024x724.jpg 1024w, https:\/\/galleri208.borgo.is\/2020\/wp-content\/uploads\/2020\/05\/h2-300x212.jpg 300w, https:\/\/galleri208.borgo.is\/2020\/wp-content\/uploads\/2020\/05\/h2-768x543.jpg 768w, https:\/\/galleri208.borgo.is\/2020\/wp-content\/uploads\/2020\/05\/h2.jpg 1414w\" sizes=\"(max-width: 1024px) 100vw, 1024px\" \/><\/figure>\n","protected":false},"excerpt":{"rendered":"<p>TechAttireFatamerki, 2020.Log\u00f3, augl\u00fdsing og mynstur fyrir f\u00f6t og sk\u00f3. Framlei\u00f0slan \u00e1 a\u00f0 vera vistv\u00e6n og vegan. Efnin eru \u00far endurunnu plasti, bambus og b\u00f3mull. Markh\u00f3purinn&#8230;<\/p>\n","protected":false},"author":1,"featured_media":0,"parent":0,"menu_order":0,"comment_status":"closed","ping_status":"closed","template":"","meta":[],"_links":{"self":[{"href":"https:\/\/galleri208.borgo.is\/2020\/wp-json\/wp\/v2\/pages\/267"}],"collection":[{"href":"https:\/\/galleri208.borgo.is\/2020\/wp-json\/wp\/v2\/pages"}],"about":[{"href":"https:\/\/galleri208.borgo.is\/2020\/wp-json\/wp\/v2\/types\/page"}],"author":[{"embeddable":true,"href":"https:\/\/galleri208.borgo.is\/2020\/wp-json\/wp\/v2\/users\/1"}],"replies":[{"embeddable":true,"href":"https:\/\/galleri208.borgo.is\/2020\/wp-json\/wp\/v2\/comments?post=267"}],"version-history":[{"count":19,"href":"https:\/\/galleri208.borgo.is\/2020\/wp-json\/wp\/v2\/pages\/267\/revisions"}],"predecessor-version":[{"id":800,"href":"https:\/\/galleri208.borgo.is\/2020\/wp-json\/wp\/v2\/pages\/267\/revisions\/800"}],"wp:attachment":[{"href":"https:\/\/galleri208.borgo.is\/2020\/wp-json\/wp\/v2\/media?parent=267"}],"curies":[{"name":"wp","href":"https:\/\/api.w.org\/{rel}","templated":true}]}}