{"id":14,"date":"2020-04-27T14:46:07","date_gmt":"2020-04-27T14:46:07","guid":{"rendered":"https:\/\/galleri208.borgo.is\/2020\/\/?page_id=14"},"modified":"2020-05-12T15:02:14","modified_gmt":"2020-05-12T15:02:14","slug":"ferilmoppur","status":"publish","type":"page","link":"https:\/\/galleri208.borgo.is\/2020\/ferilmoppur\/","title":{"rendered":"FERILM\u00d6PPUR"},"content":{"rendered":"\n<figure class=\"wp-block-embed-issuu wp-block-embed is-type-rich is-provider-issuu\"><div class=\"wp-block-embed__wrapper\">\n<div data-url=\"https:\/\/issuu.com\/annalenahalld\/docs\/portfolio.annalena\" style=\"width: 500px; height: 193px;\" class=\"issuuembed\"><\/div><script type=\"text\/javascript\" src=\"\/\/e.issuu.com\/embed.js\" async=\"true\"><\/script> \n<\/div><figcaption>Anna Lena Halld\u00f3rsd\u00f3ttir<\/figcaption><\/figure>\n\n\n\n<figure class=\"wp-block-embed-issuu wp-block-embed is-type-rich is-provider-issuu\"><div class=\"wp-block-embed__wrapper\">\n<div data-url=\"https:\/\/issuu.com\/antondarri\/docs\/portfolio_anton\" style=\"width: 500px; height: 177px;\" class=\"issuuembed\"><\/div><script type=\"text\/javascript\" src=\"\/\/e.issuu.com\/embed.js\" async=\"true\"><\/script>\n<\/div><figcaption>Anton Darri J\u00f3nsson<\/figcaption><\/figure>\n\n\n\n<figure class=\"wp-block-embed-issuu wp-block-embed is-type-rich is-provider-issuu\"><div class=\"wp-block-embed__wrapper\">\n<div data-url=\"https:\/\/issuu.com\/ardislilja\/docs\/ardis-portfolio.issue\" style=\"width: 500px; height: 250px;\" class=\"issuuembed\"><\/div><script type=\"text\/javascript\" src=\"\/\/e.issuu.com\/embed.js\" async=\"true\"><\/script>\n<\/div><figcaption>\u00c1rd\u00eds Lilja G\u00edslad\u00f3ttir<br><\/figcaption><\/figure>\n\n\n\n<figure class=\"wp-block-embed-issuu wp-block-embed is-type-rich is-provider-issuu\"><div class=\"wp-block-embed__wrapper\">\n<div data-url=\"https:\/\/issuu.com\/asrunanna\/docs\/ferilmappa_asrun_issuu\" style=\"width: 500px; height: 177px;\" class=\"issuuembed\"><\/div><script type=\"text\/javascript\" src=\"\/\/e.issuu.com\/embed.js\" async=\"true\"><\/script>\n<\/div><figcaption>\u00c1sr\u00fan Anna Dan\u00edelsd\u00f3ttir<br><\/figcaption><\/figure>\n\n\n\n<figure class=\"wp-block-embed-issuu wp-block-embed is-type-rich is-provider-issuu\"><div class=\"wp-block-embed__wrapper\">\n<div data-url=\"https:\/\/issuu.com\/ebaldvinsson\/docs\/einar_ferilmappa_loka_issuu\" style=\"width: 500px; height: 177px;\" class=\"issuuembed\"><\/div><script type=\"text\/javascript\" src=\"\/\/e.issuu.com\/embed.js\" async=\"true\"><\/script>\n<\/div><figcaption>Einar M\u00e1r Baldvinsson<br><\/figcaption><\/figure>\n\n\n\n<figure class=\"wp-block-embed-issuu wp-block-embed is-type-rich is-provider-issuu\"><div class=\"wp-block-embed__wrapper\">\n<div data-url=\"https:\/\/issuu.com\/elvas\/docs\/elvasehar\" style=\"width: 500px; height: 177px;\" class=\"issuuembed\"><\/div><script type=\"text\/javascript\" src=\"\/\/e.issuu.com\/embed.js\" async=\"true\"><\/script>\n<\/div><figcaption>Elva Sehar Samuelsd\u00f3ttir Gill<br><\/figcaption><\/figure>\n\n\n\n<figure class=\"wp-block-embed-issuu wp-block-embed is-type-rich is-provider-issuu\"><div class=\"wp-block-embed__wrapper\">\n<div data-url=\"https:\/\/issuu.com\/fanney14\/docs\/fanney\" style=\"width: 500px; height: 353px;\" class=\"issuuembed\"><\/div><script type=\"text\/javascript\" src=\"\/\/e.issuu.com\/embed.js\" async=\"true\"><\/script>\n<\/div><figcaption>Fanney Bj\u00f6rg Magn\u00fasd\u00f3ttir<br><\/figcaption><\/figure>\n\n\n\n<figure class=\"wp-block-embed-issuu wp-block-embed is-type-rich is-provider-issuu\"><div class=\"wp-block-embed__wrapper\">\n<div data-url=\"https:\/\/issuu.com\/hannar2001\/docs\/hanna_rakel_ingvarsd_ttir__loka_ferilmappa\" style=\"width: 500px; height: 353px;\" class=\"issuuembed\"><\/div><script type=\"text\/javascript\" src=\"\/\/e.issuu.com\/embed.js\" async=\"true\"><\/script>\n<\/div><figcaption>Hanna Rakel Ingvarsd\u00f3ttir<\/figcaption><\/figure>\n\n\n\n<figure class=\"wp-block-embed-issuu wp-block-embed is-type-rich is-provider-issuu\"><div class=\"wp-block-embed__wrapper\">\n<div data-url=\"https:\/\/issuu.com\/haukuringitomasson\/docs\/cv\" style=\"width: 500px; height: 177px;\" class=\"issuuembed\"><\/div><script type=\"text\/javascript\" src=\"\/\/e.issuu.com\/embed.js\" async=\"true\"><\/script>\n<\/div><figcaption>Haukur Ingi T\u00f3masson<br><\/figcaption><\/figure>\n\n\n\n<figure class=\"wp-block-embed-issuu wp-block-embed is-type-rich is-provider-issuu\"><div class=\"wp-block-embed__wrapper\">\n<div data-url=\"https:\/\/issuu.com\/ingibjorg.o.brynjars\/docs\/ferilmappa_ingibj_rg\" style=\"width: 500px; height: 177px;\" class=\"issuuembed\"><\/div><script type=\"text\/javascript\" src=\"\/\/e.issuu.com\/embed.js\" async=\"true\"><\/script>\n<\/div><figcaption>Ingibj\u00f6rg \u00d3sk Brynjarsd\u00f3ttir<br><\/figcaption><\/figure>\n\n\n\n<figure class=\"wp-block-embed-issuu wp-block-embed is-type-rich is-provider-issuu\"><div class=\"wp-block-embed__wrapper\">\n<div data-url=\"https:\/\/issuu.com\/isakmiri01\/docs\/ferilmappa.5.mai.isak\" style=\"width: 500px; height: 177px;\" class=\"issuuembed\"><\/div><script type=\"text\/javascript\" src=\"\/\/e.issuu.com\/embed.js\" async=\"true\"><\/script>\n<\/div><figcaption>\u00cdsak Miri Dan\u00edelsson<\/figcaption><\/figure>\n\n\n\n<figure class=\"wp-block-embed-issuu wp-block-embed is-type-rich is-provider-issuu\"><div class=\"wp-block-embed__wrapper\">\n<div data-url=\"https:\/\/issuu.com\/hinriks\/docs\/hinrik_ferilmappa_final\" style=\"width: 500px; height: 353px;\" class=\"issuuembed\"><\/div><script type=\"text\/javascript\" src=\"\/\/e.issuu.com\/embed.js\" async=\"true\"><\/script>\n<\/div><figcaption>Hinrik Sn\u00e6r Katr\u00ednarson<br><\/figcaption><\/figure>\n\n\n\n<figure class=\"wp-block-embed-issuu wp-block-embed is-type-rich is-provider-issuu\"><div class=\"wp-block-embed__wrapper\">\n<div data-url=\"https:\/\/issuu.com\/katrin0411\/docs\/ferilmappa-katr_c3_adn-lokaskil_20fyrir_20issu\" style=\"width: 500px; height: 177px;\" class=\"issuuembed\"><\/div><script type=\"text\/javascript\" src=\"\/\/e.issuu.com\/embed.js\" async=\"true\"><\/script>\n<\/div><figcaption>Katr\u00edn Agnes Ellertsd\u00f3ttir<\/figcaption><\/figure>\n\n\n\n<figure class=\"wp-block-embed-issuu wp-block-embed is-type-rich is-provider-issuu\"><div class=\"wp-block-embed__wrapper\">\n<div data-url=\"https:\/\/issuu.com\/nokkvithormar\/docs\/nokkvi_ferilmappa\" style=\"width: 500px; height: 177px;\" class=\"issuuembed\"><\/div><script type=\"text\/javascript\" src=\"\/\/e.issuu.com\/embed.js\" async=\"true\"><\/script>\n<\/div><figcaption>N\u00f6kkvi \u00de\u00f3r \u00deormarsson<br><\/figcaption><\/figure>\n\n\n\n<figure class=\"wp-block-embed-issuu wp-block-embed is-type-rich is-provider-issuu\"><div class=\"wp-block-embed__wrapper\">\n<div data-url=\"https:\/\/issuu.com\/olaviakristjans\/docs\/feril\" style=\"width: 500px; height: 172px;\" class=\"issuuembed\"><\/div><script type=\"text\/javascript\" src=\"\/\/e.issuu.com\/embed.js\" async=\"true\"><\/script>\n<\/div><figcaption>\u00d3lav\u00eda Sif Kristj\u00e1nsd\u00f3ttir<br><\/figcaption><\/figure>\n\n\n\n<figure class=\"wp-block-embed-issuu wp-block-embed is-type-rich is-provider-issuu\"><div class=\"wp-block-embed__wrapper\">\n<div data-url=\"https:\/\/issuu.com\/thorbjorg.2001\/docs\/tobba_ferilm_fullklart\" style=\"width: 500px; height: 177px;\" class=\"issuuembed\"><\/div><script type=\"text\/javascript\" src=\"\/\/e.issuu.com\/embed.js\" async=\"true\"><\/script>\n<\/div><figcaption>\u00deorbj\u00f6rg Kristinsd\u00f3ttir<\/figcaption><\/figure>\n\n\n\n<p class=\"has-text-align-center\"><\/p>\n","protected":false},"excerpt":{"rendered":"<p>Anna Lena Halld\u00f3rsd\u00f3ttir Anton Darri J\u00f3nsson \u00c1rd\u00eds Lilja G\u00edslad\u00f3ttir \u00c1sr\u00fan Anna Dan\u00edelsd\u00f3ttir Einar M\u00e1r Baldvinsson Elva Sehar Samuelsd\u00f3ttir Gill Fanney Bj\u00f6rg Magn\u00fasd\u00f3ttir Hanna Rakel Ingvarsd\u00f3ttir&#8230;<\/p>\n","protected":false},"author":1,"featured_media":0,"parent":0,"menu_order":0,"comment_status":"closed","ping_status":"closed","template":"","meta":[],"_links":{"self":[{"href":"https:\/\/galleri208.borgo.is\/2020\/wp-json\/wp\/v2\/pages\/14"}],"collection":[{"href":"https:\/\/galleri208.borgo.is\/2020\/wp-json\/wp\/v2\/pages"}],"about":[{"href":"https:\/\/galleri208.borgo.is\/2020\/wp-json\/wp\/v2\/types\/page"}],"author":[{"embeddable":true,"href":"https:\/\/galleri208.borgo.is\/2020\/wp-json\/wp\/v2\/users\/1"}],"replies":[{"embeddable":true,"href":"https:\/\/galleri208.borgo.is\/2020\/wp-json\/wp\/v2\/comments?post=14"}],"version-history":[{"count":17,"href":"https:\/\/galleri208.borgo.is\/2020\/wp-json\/wp\/v2\/pages\/14\/revisions"}],"predecessor-version":[{"id":829,"href":"https:\/\/galleri208.borgo.is\/2020\/wp-json\/wp\/v2\/pages\/14\/revisions\/829"}],"wp:attachment":[{"href":"https:\/\/galleri208.borgo.is\/2020\/wp-json\/wp\/v2\/media?parent=14"}],"curies":[{"name":"wp","href":"https:\/\/api.w.org\/{rel}","templated":true}]}}