{"id":10,"date":"2020-04-27T14:39:11","date_gmt":"2020-04-27T14:39:11","guid":{"rendered":"https:\/\/galleri208.borgo.is\/2020\/\/?page_id=10"},"modified":"2020-05-10T20:34:46","modified_gmt":"2020-05-10T20:34:46","slug":"velkomin","status":"publish","type":"page","link":"https:\/\/galleri208.borgo.is\/2020\/","title":{"rendered":"VELKOMIN \u00cd GALLER\u00cd 208"},"content":{"rendered":"\n<p><\/p>\n\n\n\n<h3>VEFS\u00ddNINGU LOKA\u00c1RSNEMA \u00cd GRAF\u00cdSKRI H\u00d6NNUN VORI\u00d0 2020<\/h3>\n\n\n\n<h6>\u00cd \u00e1r er lokas\u00fdning nemenda \u00ed graf\u00edskri h\u00f6nnun \u00ed Borgarholtssk\u00f3la h\u00e9r \u00e1 \u00feessari vefs\u00ed\u00f0u sem vi\u00f0 kj\u00f3sum a\u00f0 nefna Galler\u00ed 208, eftir n\u00fameri sk\u00f3lastofunnar sem var vinnusta\u00f0ur okkar \u00ed vetur.  Allt \u00fear til loka \u00feurfti sk\u00f3lanum vegna samkomubanns \u00ed mars s\u00ed\u00f0astli\u00f0num. <br><br>Sext\u00e1n nemendur s\u00fdna h\u00e9r verk s\u00edn: veggspj\u00f6ld, teikningar, hreyfimyndir, b\u00e6kur og \u00fdmiss konar prentverk \u00e1samt ferilm\u00f6ppum. Verkin \u00e1 s\u00fdningunni eru unnin \u00ed verkst\u00e6\u00f0is\u00e1fanga \u00e1 loka\u00e1ri undir lei\u00f0s\u00f6gn Ara Halld\u00f3rssonar, Hafd\u00edsar P\u00e1l\u00ednu \u00d3lafsd\u00f3ttur og Krist\u00ednar Mar\u00edu Ingimarsd\u00f3ttur. <\/h6>\n\n\n\n<h6><br><\/h6>\n\n\n\n<!-- Final Tiles Grid Gallery for WordPress v3.4.22 free --><style>#ftg-11 .tile .icon { color:#ffffff; }#ftg-11 .ftg-items .loading-bar i { background:#666; }#ftg-11 .ftg-items .loading-bar { background:#ffffff; }#ftg-11 .tile .icon { font-size:12px; }#ftg-11 .tile .icon { margin: -6px 0 0 -6px; }#ftg-11 .tile .caption-block .text-wrapper span.text { font-size:12px; }#ftg-11 .tile .caption-block .text-wrapper span.title { font-size:14px; }#ftg-11 .tile { background-color: transparent; }#ftg-11 .tile .caption-block .text-wrapper span.text { color: #ffffff; }#ftg-11 .tile .caption-block .text-wrapper span.title { color: #ffffff; }#ftg-11 .tile .ftg-social a { color: #ffffff; }#ftg-11 .tile .caption-block { transition-duration:0.25s; }#ftg-11 .tile .tile-inner:before { background-color: #ffffff; }#ftg-11 .tile .tile-inner:before { background-color: rgba(255, 255, 255, 0.8); }#ftg-11 .tile:hover img {-moz-transform: ;-webkit-transform: ;-o-transform: ;-ms-transform: ;transform: ;}<\/style><a name='1'><\/a><div class='final-tiles-gallery  ftg-hover-enabled  caption-none caption-middle caption-center' id='ftg-11' style='width:100%'><div class='ftg-items'><div class='loading-bar'><i><\/i><\/div><div  class='tile ftg-preload  '><a title=\"HANNA\"  rel='ftg-11'  class=' tile-inner  ' href='https:\/\/galleri208.borgo.is\/2020\/\/fanney-bjorg-magnusdottir\/' ><img alt='HANNA' class='item skip-lazy' data-class='item' data-ftg-source='https:\/\/galleri208.borgo.is\/2020\/\/wp-content\/uploads\/2020\/05\/hanna-1-724x1024.jpg' src='https:\/\/galleri208.borgo.is\/2020\/\/wp-content\/uploads\/2020\/05\/hanna-1-724x1024.jpg' width='1000' height='1414' \/><div class='caption-block'><div class='text-wrapper'><span class='title'>HANNA<\/span><\/div><\/div><\/a><div class='ftg-social'><\/div><\/div><div  class='tile ftg-preload  '><a title=\"N\u00d6KKVI\"  rel='ftg-11'  class=' tile-inner  ' href='https:\/\/galleri208.borgo.is\/2020\/\/nokkvi-thor-thormarsson\/' ><img alt='N\u00d6KKVI' class='item skip-lazy' data-class='item' data-ftg-source='https:\/\/galleri208.borgo.is\/2020\/\/wp-content\/uploads\/2020\/05\/Goturakkiv2-1.jpg' src='https:\/\/galleri208.borgo.is\/2020\/\/wp-content\/uploads\/2020\/05\/Goturakkiv2-1.jpg' width='1000' height='1000' \/><div class='caption-block'><div class='text-wrapper'><span class='title'>N\u00d6KKVI<\/span><\/div><\/div><\/a><div class='ftg-social'><\/div><\/div><div  class='tile ftg-preload  '><a title=\"HINRIK\" data-lightbox='ftg-11' rel='ftg-11'  class=' tile-inner  ftg-lightbox' href='https:\/\/galleri208.borgo.is\/2020\/wp-content\/uploads\/2020\/05\/hinrik.png' ><img alt='HINRIK' class='item skip-lazy' data-class='item' data-ftg-source='https:\/\/galleri208.borgo.is\/2020\/\/wp-content\/uploads\/2020\/05\/hinrik.png' src='https:\/\/galleri208.borgo.is\/2020\/\/wp-content\/uploads\/2020\/05\/hinrik.png' width='1000' height='477' \/><div class='caption-block'><div class='text-wrapper'><span class='title'>HINRIK<\/span><\/div><\/div><\/a><div class='ftg-social'><\/div><\/div><div  class='tile ftg-preload  '><a title=\"HAUKUR\"  rel='ftg-11'  class=' tile-inner  ' href='https:\/\/galleri208.borgo.is\/2020\/\/haukur-ingi-tomasson\/' ><img alt='HAUKUR' class='item skip-lazy' data-class='item' data-ftg-source='https:\/\/galleri208.borgo.is\/2020\/\/wp-content\/uploads\/2020\/05\/God_of_art1000-1-681x1024.jpg' src='https:\/\/galleri208.borgo.is\/2020\/\/wp-content\/uploads\/2020\/05\/God_of_art1000-1-681x1024.jpg' width='1000' height='1503' \/><div class='caption-block'><div class='text-wrapper'><span class='title'>HAUKUR<\/span><\/div><\/div><\/a><div class='ftg-social'><\/div><\/div><div  class='tile ftg-preload  '><a title=\"\u00cdSAK\"  rel='ftg-11'  class=' tile-inner  ' href='https:\/\/galleri208.borgo.is\/2020\/\/isak-miri-danielsson\/' ><img alt='\u00cdSAK' class='item skip-lazy' data-class='item' data-ftg-source='https:\/\/galleri208.borgo.is\/2020\/\/wp-content\/uploads\/2020\/05\/Afengi.200-9-1-724x1024.jpg' src='https:\/\/galleri208.borgo.is\/2020\/\/wp-content\/uploads\/2020\/05\/Afengi.200-9-1-724x1024.jpg' width='1000' height='1414' \/><div class='caption-block'><div class='text-wrapper'><span class='title'>\u00cdSAK<\/span><\/div><\/div><\/a><div class='ftg-social'><\/div><\/div><div  class='tile ftg-preload  '><a title=\"\u00c1SR\u00daN\"  rel='ftg-11'  class=' tile-inner  ' href='https:\/\/galleri208.borgo.is\/2020\/\/asrun-anna-danielsdottir\/' ><img alt='\u00c1SR\u00daN' class='item skip-lazy' data-class='item' data-ftg-source='https:\/\/galleri208.borgo.is\/2020\/\/wp-content\/uploads\/2020\/09\/Screenshot-2020-09-13-at-11.40.23.png' src='https:\/\/galleri208.borgo.is\/2020\/\/wp-content\/uploads\/2020\/09\/Screenshot-2020-09-13-at-11.40.23.png' width='552' height='422' \/><div class='caption-block'><div class='text-wrapper'><span class='title'>\u00c1SR\u00daN<\/span><span class='text'>Screenshot 2020-09-13 at 11.40.23<\/span><\/div><\/div><\/a><div class='ftg-social'><\/div><\/div><div  class='tile ftg-preload  '><a title=\"\u00d3LAV\u00cdA\"  rel='ftg-11'  class=' tile-inner  ' href='https:\/\/galleri208.borgo.is\/2020\/\/olavia-sif-kristjansdotti\/' ><img alt='\u00d3LAV\u00cdA' class='item skip-lazy' data-class='item' data-ftg-source='https:\/\/galleri208.borgo.is\/2020\/\/wp-content\/uploads\/2020\/05\/hus21400-1-1024x724.jpg' src='https:\/\/galleri208.borgo.is\/2020\/\/wp-content\/uploads\/2020\/05\/hus21400-1-1024x724.jpg' width='1414' height='1000' \/><div class='caption-block'><div class='text-wrapper'><span class='title'>\u00d3LAV\u00cdA<\/span><\/div><\/div><\/a><div class='ftg-social'><\/div><\/div><div  class='tile ftg-preload  '><a title=\"ANNA LENA\"  rel='ftg-11'  class=' tile-inner  ' href='https:\/\/galleri208.borgo.is\/2020\/\/anna-lena-halldorsdottir\/' ><img alt='ANNA LENA' class='item skip-lazy' data-class='item' data-ftg-source='https:\/\/galleri208.borgo.is\/2020\/\/wp-content\/uploads\/2020\/05\/anna2-1-714x1024.jpg' src='https:\/\/galleri208.borgo.is\/2020\/\/wp-content\/uploads\/2020\/05\/anna2-1-714x1024.jpg' width='937' height='1344' \/><div class='caption-block'><div class='text-wrapper'><span class='title'>ANNA LENA<\/span><\/div><\/div><\/a><div class='ftg-social'><\/div><\/div><div  class='tile ftg-preload  '><a title=\"\u00c1RD\u00cdS\"  rel='ftg-11'  class=' tile-inner  ' href='https:\/\/galleri208.borgo.is\/2020\/\/ardis-lilja-gisladottir\/' ><img alt='\u00c1RD\u00cdS' class='item skip-lazy' data-class='item' data-ftg-source='https:\/\/galleri208.borgo.is\/2020\/\/wp-content\/uploads\/2020\/05\/ardis2-1-1024x576.jpg' src='https:\/\/galleri208.borgo.is\/2020\/\/wp-content\/uploads\/2020\/05\/ardis2-1-1024x576.jpg' width='1778' height='1000' \/><div class='caption-block'><div class='text-wrapper'><span class='title'>\u00c1RD\u00cdS<\/span><\/div><\/div><\/a><div class='ftg-social'><\/div><\/div><div  class='tile ftg-preload  '><a title=\"ELVA\"  rel='ftg-11'  class=' tile-inner  ' href='https:\/\/galleri208.borgo.is\/2020\/\/elva-sehar-samuelsdottir-gill\/' ><img alt='ELVA' class='item skip-lazy' data-class='item' data-ftg-source='https:\/\/galleri208.borgo.is\/2020\/\/wp-content\/uploads\/2020\/05\/Hjartad03-724x1024.jpg' src='https:\/\/galleri208.borgo.is\/2020\/\/wp-content\/uploads\/2020\/05\/Hjartad03-724x1024.jpg' width='842' height='1191' \/><div class='caption-block'><div class='text-wrapper'><span class='title'>ELVA<\/span><\/div><\/div><\/a><div class='ftg-social'><\/div><\/div><div  class='tile ftg-preload  '><a title=\"EINAR M\u00c1R\"  rel='ftg-11'  class=' tile-inner  ' href='https:\/\/galleri208.borgo.is\/2020\/\/einar-mar-baldvinsson\/' ><img alt='EINAR M\u00c1R' class='item skip-lazy' data-class='item' data-ftg-source='https:\/\/galleri208.borgo.is\/2020\/\/wp-content\/uploads\/2020\/05\/Cthulhurgb-724x1024.jpg' src='https:\/\/galleri208.borgo.is\/2020\/\/wp-content\/uploads\/2020\/05\/Cthulhurgb-724x1024.jpg' width='1000' height='1414' \/><div class='caption-block'><div class='text-wrapper'><span class='title'>EINAR M\u00c1R<\/span><span class='text'>Cthulhurgb<\/span><\/div><\/div><\/a><div class='ftg-social'><\/div><\/div><div  class='tile ftg-preload  '><a title=\"INGIBJ\u00d6RG\"  rel='ftg-11'  class=' tile-inner  ' href='https:\/\/galleri208.borgo.is\/2020\/\/ingibjorg-osk-brynjarsdottir\/' ><img alt='INGIBJ\u00d6RG' class='item skip-lazy' data-class='item' data-ftg-source='https:\/\/galleri208.borgo.is\/2020\/\/wp-content\/uploads\/2020\/05\/bakhlidmockupv2-2-1024x678.jpg' src='https:\/\/galleri208.borgo.is\/2020\/\/wp-content\/uploads\/2020\/05\/bakhlidmockupv2-2-1024x678.jpg' width='1511' height='1000' \/><div class='caption-block'><div class='text-wrapper'><span class='title'>INGIBJ\u00d6RG<\/span><\/div><\/div><\/a><div class='ftg-social'><\/div><\/div><div  class='tile ftg-preload  '><a title=\"KATR\u00cdN\"  rel='ftg-11'  class=' tile-inner  ' href='https:\/\/galleri208.borgo.is\/2020\/\/katrin-agnes-ellertsdottir\/' ><img alt='KATR\u00cdN' class='item skip-lazy' data-class='item' data-ftg-source='https:\/\/galleri208.borgo.is\/2020\/\/wp-content\/uploads\/2020\/05\/Katrin-724x1024.jpg' src='https:\/\/galleri208.borgo.is\/2020\/\/wp-content\/uploads\/2020\/05\/Katrin-724x1024.jpg' width='1448' height='2048' \/><div class='caption-block'><div class='text-wrapper'><span class='title'>KATR\u00cdN<\/span><\/div><\/div><\/a><div class='ftg-social'><\/div><\/div><div  class='tile ftg-preload  '><a title=\"\" data-lightbox='ftg-11' rel='ftg-11'  class=' tile-inner  ftg-lightbox' href='https:\/\/galleri208.borgo.is\/2020\/wp-content\/uploads\/2020\/05\/TechAttire_1_Page_01-768x1086-1-724x1024.jpg' ><img alt='' class='item skip-lazy' data-class='item' data-ftg-source='https:\/\/galleri208.borgo.is\/2020\/\/wp-content\/uploads\/2020\/05\/TechAttire_1_Page_01-768x1086-1-724x1024.jpg' src='https:\/\/galleri208.borgo.is\/2020\/\/wp-content\/uploads\/2020\/05\/TechAttire_1_Page_01-768x1086-1-724x1024.jpg' width='768' height='1086' \/><\/a><div class='ftg-social'><\/div><\/div><div  class='tile ftg-preload  '><a title=\"FANNEY\"  rel='ftg-11'  class=' tile-inner  ' href='https:\/\/galleri208.borgo.is\/2020\/\/hanna-rakel-ingvarsdottir\/' ><img alt='FANNEY' class='item skip-lazy' data-class='item' data-ftg-source='https:\/\/galleri208.borgo.is\/2020\/\/wp-content\/uploads\/2020\/05\/f1001-2-1.jpg' src='https:\/\/galleri208.borgo.is\/2020\/\/wp-content\/uploads\/2020\/05\/f1001-2-1.jpg' width='1000' height='1003' \/><div class='caption-block'><div class='text-wrapper'><span class='title'>FANNEY<\/span><\/div><\/div><\/a><div class='ftg-social'><\/div><\/div><div  class='tile ftg-preload  '><a title=\"ANTON\"  rel='ftg-11'  class=' tile-inner  ' href='https:\/\/galleri208.borgo.is\/2020\/\/anton-darri-jonsson\/' ><img alt='ANTON' class='item skip-lazy' data-class='item' data-ftg-source='https:\/\/galleri208.borgo.is\/2020\/\/wp-content\/uploads\/2020\/05\/fram-2.jpg' src='https:\/\/galleri208.borgo.is\/2020\/\/wp-content\/uploads\/2020\/05\/fram-2.jpg' width='882' height='882' \/><div class='caption-block'><div class='text-wrapper'><span class='title'>ANTON<\/span><\/div><\/div><\/a><div class='ftg-social'><\/div><\/div><\/div><\/div><script type='text\/javascript'>jQuery('#ftg-11 img.item').removeAttr('src');jQuery(document).ready(function () {setTimeout(function () {jQuery('#ftg-11').finalTilesGallery({minTileWidth: 200,margin: 2,loadMethod: 'sequential',nonce: 'e40a1e2693',galleryId: '1',setupFilters: true,layout: 'columns',debug: false,gridSize: 25,disableGridSizeBelow:800,allowEnlargement: true,columns: [[4000, 4],[1024, 4],[800, 3],[480, 3],[320, 2]],selectedFilter: 'n-a'});jQuery(function () {(function () {var rel = '';jQuery('#ftg-11 .ftg-lightbox').click(function (e) {rel = jQuery(this).attr('rel');jQuery('#ftg-11 .ftg-current').removeClass('ftg-current');jQuery('#ftg-11 [rel=\"'+rel+'\"]').addClass('ftg-current');});})();});}, 0);});<\/script>\n","protected":false},"excerpt":{"rendered":"<p>VEFS\u00ddNINGU LOKA\u00c1RSNEMA \u00cd GRAF\u00cdSKRI H\u00d6NNUN VORI\u00d0 2020 \u00cd \u00e1r er lokas\u00fdning nemenda \u00ed graf\u00edskri h\u00f6nnun \u00ed Borgarholtssk\u00f3la h\u00e9r \u00e1 \u00feessari vefs\u00ed\u00f0u sem vi\u00f0 kj\u00f3sum a\u00f0&#8230;<\/p>\n","protected":false},"author":1,"featured_media":0,"parent":0,"menu_order":0,"comment_status":"closed","ping_status":"closed","template":"","meta":[],"_links":{"self":[{"href":"https:\/\/galleri208.borgo.is\/2020\/wp-json\/wp\/v2\/pages\/10"}],"collection":[{"href":"https:\/\/galleri208.borgo.is\/2020\/wp-json\/wp\/v2\/pages"}],"about":[{"href":"https:\/\/galleri208.borgo.is\/2020\/wp-json\/wp\/v2\/types\/page"}],"author":[{"embeddable":true,"href":"https:\/\/galleri208.borgo.is\/2020\/wp-json\/wp\/v2\/users\/1"}],"replies":[{"embeddable":true,"href":"https:\/\/galleri208.borgo.is\/2020\/wp-json\/wp\/v2\/comments?post=10"}],"version-history":[{"count":22,"href":"https:\/\/galleri208.borgo.is\/2020\/wp-json\/wp\/v2\/pages\/10\/revisions"}],"predecessor-version":[{"id":776,"href":"https:\/\/galleri208.borgo.is\/2020\/wp-json\/wp\/v2\/pages\/10\/revisions\/776"}],"wp:attachment":[{"href":"https:\/\/galleri208.borgo.is\/2020\/wp-json\/wp\/v2\/media?parent=10"}],"curies":[{"name":"wp","href":"https:\/\/api.w.org\/{rel}","templated":true}]}}